06?
True
Is 407096256 a multiple of 96?
True
Is 800283344 a multiple of 38?
True
Is 46 a factor of 1903647026?
True
Is 668612526 a multiple of 233?
False
Is 141 a factor of 223686054?
False
Is 18 a factor of 463260258?
True
Is 396751090 a multiple of 893?
False
Is 210186081 a multiple of 41?
False
Is 34572369 a multiple of 12?
False
Does 693 divide 682603614?
True
Does 52 divide 14727434?
False
Does 718 divide 231177332?
True
Does 68 divide 398788756?
False
Does 688 divide 76705163?
False
Does 103 divide 35851844?
False
Does 100 divide 985121600?
True
Is 3378171000 a multiple of 345?
True
Is 833 a factor of 1651205920?
True
Is 554 a factor of 51657609?
False
Does 24 divide 229518863?
False
Is 561566853 a multiple of 2809?
True
Does 123 divide 616370220?
True
Is 135823754 a multiple of 66?
False
Does 20 divide 36376521?
False
Does 83 divide 94763318?
False
Is 2113203792 a multiple of 259?
True
Is 286137187 a multiple of 13?
False
Does 262 divide 61832000?
True
Is 46 a factor of 2370049?
False
Is 9982742 a multiple of 7?
True
Is 739 a factor of 1849833?
False
Is 975 a factor of 63785408?
False
Is 99536036 a multiple of 13?
False
Does 17 divide 26473794?
True
Is 246262358 a multiple of 43?
False
Is 16 a factor of 4460587312?
True
Does 78 divide 46982803?
False
Is 34 a factor of 37778352?
True
Is 341 a factor of 74521311?
False
Does 2007 divide 1658468896?
False
Does 21 divide 3414488?
False
Is 6213781 a multiple of 32?
False
Is 599689950 a multiple of 17?
False
Does 193 divide 167525544?
True
Does 84 divide 2312653644?
True
Is 16 a factor of 216824865?
False
Is 22 a factor of 15527315?
False
Is 120 a factor of 1137508437?
False
Is 4551 a factor of 34413499?
False
Does 1599 divide 1564084236?
True
Is 5213034 a multiple of 176?
False
Does 8 divide 198081627?
False
Is 4745498 a multiple of 83?
False
Does 1125 divide 196558133?
False
Is 932514082 a multiple of 1247?
True
Is 7 a factor of 76538876?
False
Is 59021580 a multiple of 311?
True
Is 236600058 a multiple of 7?
False
Is 53026134 a multiple of 3?
True
Is 54 a factor of 38524870?
False
Is 245 a factor of 153592365?
False
Is 181174272 a multiple of 27?
False
Is 288 a factor of 69210918?
False
Is 7384 a factor of 1440222696?
False
Is 1327 a factor of 78750815?
True
Does 83 divide 167732445?
False
Is 7377787396 a multiple of 413?
True
Does 73 divide 2109933256?
False
Is 218 a factor of 52010222?
True
Is 8839570 a multiple of 290?
False
Does 45 divide 158681385?
True
Is 1743363050 a multiple of 10450?
True
Is 38114716 a multiple of 2489?
False
Is 275856065 a multiple of 76?
False
Does 850 divide 5296350?
True
Does 158 divide 58974606?
True
Is 264 a factor of 200232055?
False
Is 2927 a factor of 161732708?
False
Is 854573720 a multiple of 5005?
True
Does 96 divide 222063360?
True
Is 674 a factor of 31522067?
False
Is 1914 a factor of 75549779?
False
Does 19 divide 133489947?
False
Is 69 a factor of 110642121?
True
Does 24 divide 35855511?
False
Is 134 a factor of 481944266?
True
Is 31 a factor of 508465594?
False
Does 717 divide 327947051?
False
Does 5 divide 449704067?
False
Does 111 divide 203953509?
True
Does 8 divide 17208240?
True
Does 753 divide 142463082?
True
Is 210926344 a multiple of 2008?
True
Is 532 a factor of 61344077?
False
Does 48 divide 182696624?
False
Is 273258253 a multiple of 274?
False
Is 329 a factor of 62824222?
False
Is 46 a factor of 353323780?
False
Is 34836306 a multiple of 1124?
False
Is 10 a factor of 207311210?
True
Is 1369 a factor of 23457069?
False
Is 6186026 a multiple of 154?
True
Does 162 divide 728190?
True
Does 97 divide 380487467?
False
Is 1201 a factor of 24530550?
False
Is 525 a factor of 41670483?
False
Is 5 a factor of 5097952?
False
Is 1801 a factor of 389012504?
False
Does 102 divide 54776860?
False
Is 1780831803 a multiple of 6?
False
Is 729 a factor of 196286685?
False
Does 241 divide 693090742?
False
Is 48712024 a multiple of 292?
True
Is 657 a factor of 74953845?
True
Does 1194 divide 5666138733?
False
Is 384470365 a multiple of 2?
False
Is 7 a factor of 10578379?
True
Does 88 divide 4070704?
True
Is 10081920 a multiple of 623?
False
Does 73 divide 431797505?
False
Is 8 a factor of 243581126?
False
Is 260184594 a multiple of 2655?
False
Is 32847080 a multiple of 14?
True
Is 2691 a factor of 206235549?
True
Is 1108884840 a multiple of 408?
True
Does 9 divide 49792842?
True
Does 261 divide 145978673?
False
Is 3048369325 a multiple of 3051?
False
Is 26 a factor of 36553008?
False
Is 6550142080 a multiple of 6080?
True
Is 44 a factor of 21163998?
False
Is 1653 a factor of 228272688?
True
Is 719355969 a multiple of 193?
True
Is 17 a factor of 331531408?
False
Is 3039870 a multiple of 863?
False
Is 43348260 a multiple of 130?
False
Is 35 a factor of 233081824?
False
Is 885287199 a multiple of 5671?
False
Does 572 divide 204552920?
True
Is 1083 a factor of 74474661?
True
Is 600 a factor of 636754200?
True
Is 615558019 a multiple of 31?
False
Does 50 divide 32237843?
False
Is 634872344 a multiple of 71?
True
Is 1843362 a multiple of 17?
False
Is 42729619 a multiple of 567?
False
Is 6 a factor of 452006142?
True
Does 380 divide 502864604?
False
Does 327 divide 15723468?
True
Does 18 divide 221102377?
False
Is 598638985 a multiple of 7771?
True
Is 1171770460 a multiple of 2312?
False
Does 10 divide 2685875010?
True
Is 330 a factor of 23545422?
False
Is 170170704 a multiple of 848?
True
Is 61 a factor of 60067432?
True
Does 93 divide 9844904?
False
Is 103 a factor of 9579853?
False
Is 67671696 a multiple of 51?
True
Is 21123003 a multiple of 523?
False
Is 72 a factor of 2885012640?
True
Does 633 divide 707897826?
True
Is 2316334609 a multiple of 5839?
False
Is 196698330 a multiple of 19?
False
Is 23 a factor of 21877236?
False
Is 1727292870 a multiple of 29?
False
Is 11 a factor of 426011509?
True
Is 138 a factor of 49478244?
True
Does 34 divide 3411964?
False
Is 74137916 a multiple of 284?
True
Is 1722271215 a multiple of 5241?
True
Is 51017732 a multiple of 4?
True
Is 44 a factor of 403706424?
True
Does 6 divide 120563903?
False
Does 429 divide 360835112?
False
Does 315 divide 54326790?
True
Is 476370687 a multiple of 69?
True
Is 10 a factor of 65964683?
False
Does 5 divide 415339234?
False
Is 1554 a factor of 709670540?
False
Is 1950399024 a multiple of 84?
True
Is 2506 a factor of 714768690?
False
Is 9 a factor of 101301588?
True
Does 80 divide 105886871?
False
Is 246916991 a multiple of 1363?
True
Does 2 divide 57643114?
True
Does 45 divide 10341374?
False
Is 1032919404 a multiple of 15469?
False
Is 2 a factor of 331463?
False
Is 1619052 a multiple of 21?
False
Is 538 a factor of 811477784?
False
Is 241 a factor of 69461081?
False
Is 501825209 a multiple of 52?
False
Is 2591010 a multiple of 15?
True
Is 38105840 a multiple of 85?
True
Does 49 divide 709820770?
False
Does 4 divide 4457112?
True
Does 3 divide 9703845?
True
Is 21 a factor of 82227823?
False
Is 1586 a factor of 1163374421?
False
Is 82381982 a multiple of 29?
True
Is 2270 a factor of 31979760?
True
Is 20487236 a multiple of 11?
True
Does 343 divide 40751830?
True
Is 28 a factor of 5735958918?
False
Is 169887960 a multiple of 18?
True
Is 1390 a factor of 473439580?
False
Does 1488 divide 6601959?
False
Does 67 divide 265304126?
False
Does 32 divide 54629561?
False
Is 258438594 a multiple of 4254?
False
Is 294 a factor of 244732362?
True
Does 240 divide 6268320?
True
Is 1488 a factor of 963423456?
True
Is 3 a factor of 21705477?
True
Is 51712410 a multiple of 9?
False
Is 101971065 a multiple of 38?
False
Is 188929993 a multiple of 427?
True
Is 10 a factor of 380841700?
True
Is 89686863 a multiple of 176?
False
Is 36491026 a multiple of 756?
False
Does 12 divide 117655476?
True
Is 39 a factor of 659293768?
False
Is 30 a factor of 392573790?
True
Is 259 a factor of 76802047?
True
Does 32 divide 122737547?
False
Does 12 divide 335305055?
False
Does 16 divide 66384208?
True
Does 345 divide 416214671?
False
Does 166 divide 2255657?
False
Is 14 a factor of 416224541?
False
Is 588 a factor of 2701651256?
False
Does 294 divide 18401763?
False
Is 8814423 a multiple of 13?
False
Does 2744 divide 12342512?
True
Is 143 a factor of 99105292?
True
Is 216660752 a multiple of 8?
True
Is 103 a factor of 18395